ivided by g.
2
Let l = -9878 + 10399. What is the remainder when l is divided by 25?
21
Let m = -14723 - -14769. What is the remainder when 587 is divided by m?
35
Suppose -2*q - 38 = -i - 2*i, q = 4*i - 49. Suppose 197 + 688 = 5*f. Suppose 5*m = f - i. Calculate the remainder when 195 is divided by m.
30
Let w = 474 + -675. Let t = -101 - w. Calculate the remainder when t is divided by 32.
4
Let k = -3640 - -6998. Calculate the remainder when k is divided by 20.
18
Let t = -108 - -350. Suppose 270 = -4*v - 2*w, -3*w = 3*v - 44 + t. Let b = -28 - v. Calculate the remainder when 81 is divided by b.
40
Suppose -320 = 6*c - 2048. Let s(p) = -p. Let g be s(-11). Suppose -c = -g*i + 5*i. Calculate the remainder when i is divided by 5.
3
Suppose -16*b - b + 339 - 118 = 0. What is the remainder when 954 is divided by b?
5
Suppose -4659 = -13*o - 421. Calculate the remainder when o is divided by 9.
2
Suppose -787 = -30*q - 67. What is the remainder when 575 is divided by q?
23
Suppose -4*u - 5*g + 1605 - 427 = 0, -5*g = -3*u + 831. Let w = -10 + 18. What is the remainder when u is divided by w?
7
Suppose -2*v = 9*v + 4*v - 135. What is the remainder when 122 is divided by v?
5
Calculate the remainder when 176 is divided by (-1672)/(-19) + 6 + 0.
82
Let s(c) = 3*c + 15. Let i be s(-22). Let w = i + 73. What is the remainder when 107 is divided by w?
19
Let a be 7/3*60/(1 + 3). Let q = -35 + a. Suppose -4*i = 3*z - 24 - 1, q = -3*i - 2*z + 18. What is the remainder when 11 is divided by i?
3
Let d(c) = 2*c**2 - 25*c - 209. What is the remainder when 614 is divided by d(19)?
6
Suppose -2*h - 15 = -3*n, n + 12 = -7*h + 2*h. Let q = h - -44. Calculate the remainder when 163 is divided by q.
40
Suppose 228 = 6*t + 126. Suppose t*a - 225 = 12*a. Calculate the remainder when a is divided by 12.
9
Calculate the remainder when (5824/70)/(64/160) is divided by 101.
6
Let l(j) = -2*j**2 + 36*j + 28. Let s be l(14). Suppose -4 = -w, -a - 5*w - s = -6*a. What is the remainder when 202 is divided by a?
10
Let t = 648 + -336. Let x = -60 + t. Suppose -2*u - x = -11*u. Calculate the remainder when 55 is divided by u.
27
Let u = -2146 + 2579. Calculate the remainder when u is divided by 73.
68
Let g be (28/36)/((-10)/(-90)). What is the remainder when 33 is divided by (g - -9) + 1 - -4?
12
Let o = 70 + 7. Let u = 167 - o. Calculate the remainder when u is divided by 19.
14
Let c(u) = 4*u**2 + 91*u + 26. Suppose -2*p - 297 = -4*h - h, 2*h + 5*p - 142 = 0. Calculate the remainder when h is divided by c(-23).
12
Let i(f) = -2*f**2 + 31*f + 37. Calculate the remainder when i(14) is divided by 5 + (1 - 18)/(13 + -14).
13
Suppose 0*b - 5*b = -110. Suppose b + 38 = 4*c. Let y = c + 8. Calculate the remainder when y is divided by 5.
3
What is the remainder when (1 - 1) + -3 + 3/((-3)/(-334)) is divided by 84?
79
Let h = 39733 + -39537. Calculate the remainder when 5283 is divided by h.
187
Suppose -5*n + a = -2*a - 363, -3*n = a - 229. Let t(z) = z**3 + z**2 - 3*z - 1. Let i be (-6 + 0)/(-1 - 1). Calculate the remainder when n is divided by t(i).
23
Let r be (-75)/(-6)*32/(-40). Let d(y) = -y**2 - 10*y + 38. What is the remainder when 129 is divided by d(r)?
15
Let f = -8214 + 8367. What is the remainder when 7494 is divided by f?
150
Let h(d) = d**3 - 7*d**2 - 15*d - 8. Let m be (2/3)/(6/9). Let p be 8 + (0 - m)*(-11 + 10). What is the remainder when 75 is divided by h(p)?
18
Let b(v) = 274*v + 1706. What is the remainder when 690 is divided by b(-6)?
8
Let p be -8 + (-504)/(5 + -14). What is the remainder when 757 is divided by (-2)/(-6) + 3296/p?
67
Let l = 6 + 13. Suppose -6*t - 18 = -7*t. Let u = t + l. Calculate the remainder when 107 is divided by u.
33
Calculate the remainder when 17592 is divided by (-9 - 8)/(0 + -1 + 3 + -3).
14
Suppose n = 4*d - 34, -4 = -n - n. Let u(t) = d*t + t**2 + 9*t + 22 + 19. What is the remainder when u(-19) is divided by 24?
12
Suppose 6*f = 10*f + 5*p - 515, 5*f - 3*p - 579 = 0. What is the remainder when 702 is divided by f?
102
Let j be (2/5)/(31/(-8215)). Let b be 4832/44 - (-4)/22. Let k = b + j. Calculate the remainder when 5 is divided by k.
1
Let p = 19 + -6. Suppose -4*h = -12, 2*h - 332 = -5*i + 1339. Calculate the remainder when i/6*4/6 is divided by p.
11
Let d be (4193/(-5))/1 + (-20)/50. Let y = d - -857. What is the remainder when 86 is divided by y?
14
Let x be (8/(-5))/(42/14490). Let h = x + 700. Calculate the remainder when h is divided by 19.
15
Suppose 5*h = 21 + 4. Suppose 30 + 90 = h*l. What is the remainder when l is divided by 3/(-6) - 54/(-4)?
11
Suppose -10*a + 10 = -15*a. What is the remainder when 86 is divided by (-8 - (a + -3)) + 32?
28
Let c(q) = -2*q**2 + 9*q + 7. Let j be c(7). Let d = 133 - j. Calculate the remainder when d is divided by 48.
17
Let i(l) = l**2 - 365*l + 15919. What is the remainder when i(50) is divided by (-5)/((-25)/2)*40?
9
Let d(w) = w**2 - 9*w - 15. Let m = -300 + 294. What is the remainder when d(m) is divided by 21?
12
Let t(c) = 513*c - 556. Calculate the remainder when t(2) is divided by 25.
20
Calculate the remainder when ((-12)/(-18))/(1/288) is divided by (-255)/(-102)*156/10.
36
Let b(x) = x**3 + 5*x**2 - 7*x - 5. Let m be b(-6). Let q(j) = 6*j + 2 + 4 - m - 3. What is the remainder when 77 is divided by q(3)?
17
Let j(o) = 0*o**3 - 4*o**3 + 5*o**3 - o**2 + 4*o**2 - 14*o + 7. What is the remainder when j(-5) is divided by 0 + (-12)/4 + 13?
7
Let b = 158 - 154. Suppose c = 1, -2*c + 2 + 32 = b*l. What is the remainder when 31 is divided by l?
7
Suppose -2*p + 1685 = 3*r, 5*p - r - 2824 = 1431. Let a = -18262 - -18274. What is the remainder when p is divided by a?
10
Let z(i) = -i**3 - 9*i**2 - i - 9. Let w be z(-9). Let o(x) = -x**2 + x - 20. Let j be o(w). Let y = -10 - j. What is the remainder when 67 is divided by y?
7
Let n = -9186 + 10712. What is the remainder when n is divided by 170?
166
Suppose 5*c + 4*g - 58 = 0, -67 = -5*c - 2*g + g. Suppose -38*q + 1252 = -838. What is the remainder when q is divided by c?
13
What is the remainder when 810 is divided by 35834/190 - 6/(-15)?
54
Let t(u) = -142 - 161*u + 342*u - 148*u. Let d(b) = -5*b - 3. Calculate the remainder when t(10) is divided by d(-6).
26
Let w = -6016 - -6050. Calculate the remainder when 729 is divided by w.
15
Suppose 0 = 5*d + v - 2135, 38*d - 2145 = 33*d + v. Let h = 465 - d. Calculate the remainder when 247 is divided by h.
25
Suppose -223*p - 205*p = -441*p + 11479. Let x(k) = k**2 + 2*k - 2. Calculate the remainder when p is divided by x(3).
12
Let t = 209 + -198. What is the remainder when 38 is divided by (0 + -1)/((33/(-54))/t)?
2
Let y = 159 - -73. Let k = y + -215. Calculate the remainder when 41 is divided by k.
7
Suppose -33*h = -21*h - 252. What is the remainder when (1*838/12)/(115/690) is divided by h?
20
Let d(z) = -z**2 + 22*z - 17. Let y be d(21). What is the remainder when -1*(3 + y - 4 - 82) is divided by 31?
17
Let h = 44 + -42. Let n(f) = f**2 + f - 3. Let c be n(h). Suppose l + 2 = c*z + 1, 3*l + 5*z - 53 = 0. Calculate the remainder when 32 is divided by l.
10
Suppose -o - 2*o = -170 - 865. Calculate the remainder when o is divided by 37.
12
Let n = -4064 + 4310. What is the remainder when n is divided by 52?
38
Suppose -48*q + 532 = -209 + 117. What is the remainder when 20 is divided by q?
7
Calculate the remainder when 187660/66 + (-18)/54 is divided by 77.
71
Let h(k) = -k**3 - 18*k**2 + 11. Let u(g) = -g**2 + 38*g - 189. What is the remainder when h(-18) is divided by u(32)?
2
Suppose 0 = -95*d + 16519 + 15116. What is the remainder when d is divided by 71?
49
Let h(b) be the second derivative of -1/20*b**5 + b + 23/2*b**2 + 0 - 11/6*b**3 + b**4. Calculate the remainder when h(11) is divided by 6.
5
Suppose 5*d - 151 = 5*f - 826, 3*f = 5*d + 397. Let j = f + 43. Calculate the remainder when j is divided by 11.
6
Let c = 197 - 182. Suppose 5*p + 165 = -515. Let x = -81 - p. Calculate the remainder when x is divided by c.
10
Let p(v) = -5*v**2 - 9*v - 1. Let b(o) = -3*o**2 - 7*o. Let q(d) = 3*b(d) - 2*p(d). Calculate the remainder when q(-8) is divided by 34.
22
Let q = -38 + 99. Suppose -28*n = -35*n + 224. What is the remainder when q is divided by n?
29
Let i(x) be the s